= m - 290. Let d(q) = q + 5. Calculate d(r).
-2
Let n = -12 - -3. Let y(r) = 9 + 0 - 12 + 3*r + 0 + 5. Determine y(n).
-25
Suppose 0 = 3*z - 5*c - 40, -2*z - 3*z = -c - 30. Let d be 10*(-1 - (-9)/z). Suppose 2 + d = -2*n. Let w(m) = m**3 + 4*m**2 - 5*m - 5. Determine w(n).
-5
Let z(b) = 2*b. Let l be z(3). Suppose 0 = -3*j - l*j. Let c(y) = -7*y**2 - 2 + 4*y**2 - 3*y + j*y**2. What is c(-2)?
-8
Suppose -5*k + b + 5375 = -3*b, -2*b + 4274 = 4*k. Let i(s) = 4*s**3 - 1062*s + 7*s**2 - 3*s**3 + k*s + 3. What is i(-6)?
-15
Let c = 183 + -183. Let l(h) be the first derivative of -26 + h - 1/3*h**3 - 1/2*h**2. Calculate l(c).
1
Let d(f) = 3*f + 36. Let u be d(-11). Suppose c - u*s = -0*s, 0 = 5*c - s. Let b(o) = -o + 5. What is b(c)?
5
Let y be 0/((-289)/34*-2). Let f(c) be the second derivative of 4*c + y - 5/6*c**3 - 3/2*c**2. Determine f(-3).
12
Let h(l) = -l**2 + l - 5. Let m(o) = 3*o**2 - o + 10. Let c(d) = -5*h(d) - 2*m(d). Let x(w) = w**2 - 15*w + 45. Let q be x(7). Let f = -16 - q. What is c(f)?
-5
Let g(f) = f**3 + 6*f**2 + 2*f - 8. Let l be (-2)/4 - (-261)/(-58). Let v be g(l). Let z(x) = -x**3 + 8*x**2 - 6*x - 10. Calculate z(v).
-3
Let c(m) = -6*m**3 - 126*m**2 + 5. Let v be c(-21). Let r(n) = -n**3 + 3*n**2 + 8*n - 5. Calculate r(v).
-15
Let m(o) = -2168*o - 2164*o - 2 + 4340*o. Give m(-1).
-10
Let a(x) = -x**3 + 3*x**2 + 18*x - 48. Let q(m) = -618*m - 4940. Let o be q(-8). Calculate a(o).
8
Let v = 507 + -505. Suppose -3*z + 9 = -6*z + 2*f, -6 = -v*f. Let o(a) = -9*a**2 - 2*a - 1. Give o(z).
-8
Let m(y) = 3*y**2 + 20*y - 11. Let c(r) = -r**2 - 963*r + 2892. Let v be c(3). Determine m(v).
-23
Let j be (-1)/5*(-25 + 2900/120). Let g(v) be the second derivative of 10*v - j*v**3 + 0 + v**2 - 7/12*v**4. Give g(-2).
-24
Let d(n) = 12*n + 10 - n - 2*n**2 - 15 - 8*n + 3*n. Calculate d(1).
-1
Let a(r) = -r - 1. Let p be a(-6). Suppose -2*i + 5 + 23 = 0. Suppose p*y - 14 - i = 2*n, 0 = 2*y - 4*n - 24. Let o(m) = 2*m. Give o(y).
8
Let b = -17233 + 17226. Let c(w) = -w**3 - 7*w**2 - 2*w - 6. Calculate c(b).
8
Let t be (30/(-12))/((-29)/58). Let q(x) = 2*x**3 - 9*x**2 + 8*x - 4. Determine q(t).
61
Suppose 0 = -3*v + 5*x + 19, -2*x = -v + 2*x + 4. Let s(p) be the third derivative of p**6/120 - 2*p**5/15 + p**4/8 - 3*p**3/2 - 23*p**2. Calculate s(v).
15
Let m(b) be the third derivative of 0*b + 1/360*b**6 - 3*b**2 + 0*b**5 + 1/6*b**3 + 0 + 0*b**4. Let r(t) be the first derivative of m(t). Give r(-2).
4
Let k(i) = -i - 3. Let l be 48/9*(-33)/(-4). Let o = 32 - l. Let f = o - -18. Determine k(f).
-9
Let f(u) = -u**2 - 4*u + 1. Let c(o) = o**2 + 5*o - 8. Let s be c(-6). Let v be f(s). Let t(l) = -l + 5. Let z be t(v). Let a(n) = n. Give a(z).
0
Suppose 0 = -12*r + 7*r + 25. Let m(q) = 3 - 85*q - r + 83*q - q**2. What is m(-3)?
-5
Let s be 29068/(-5590) - 36/(-5). Let g(f) = 15*f + 5. Let u(c) = -5*c - 2. Let o(h) = -6*g(h) - 17*u(h). What is o(s)?
-6
Let w(c) = -c**3 + 5*c**2 - 6*c + 2. Let d be w(3). Let x(l) = -l**2 + 4 + 7 - d - 8. Determine x(-3).
-8
Let p(c) = -c**3 - 15*c**2 - c - 20. Let n(q) = q**3 + q - 1. Let x(f) = -2*n(f) - p(f). What is x(15)?
7
Let o(g) = -g**3 - 3*g**2 + g + 3. Suppose i = -4*v + 15, 0 = v + 4*v - 3*i - 40. Let l be (7 - v)*9/(-6). Calculate o(l).
0
Suppose -3*j = -12, -3 = 4*i - 3*j - 19. Let l(k) = 2*k**2 + 3*k + 12. Let p(b) = 5*b**2 + 8*b + 24. Let f(a) = i*l(a) - 3*p(a). Calculate f(-6).
-6
Let y(p) = 3*p - 15. Let o(u) = u + 14. Let v(r) = -2*o(r) + y(r). What is v(-15)?
-58
Let y(c) = 7*c**3 - 10*c**2 + 18*c - 4. Let w(d) = -6*d**3 + 9*d**2 - 16*d + 2. Let j(x) = 9*w(x) + 8*y(x). Determine j(0).
-14
Suppose 6*l - 36 = -12*l. Let m(x) = -5*x**2 - 749*x + x**2 + 750*x - 2*x**l. Determine m(-1).
-7
Let g(l) = -5*l**2 + 2*l. Let c = -170 + 174. What is g(c)?
-72
Suppose 0 = -2*z - 5*c, -50*z - 54 = -55*z + c. Let n(y) = -y**2 + 6*y - 18. Calculate n(z).
-58
Let p(l) = -l**3 + 5*l**2 + 3*l - 2. Suppose 0 = 4*b - 5*b - 67. Let c = b - -72. Determine p(c).
13
Suppose 26*g - x + 14 = 28*g, 0 = 2*g - 4*x - 24. Let n(z) = -z**3 + 7*z**2 + 12*z - 6. Give n(g).
26
Let g(y) = y**3 + 2*y**2 - 5*y + 2. Suppose -2 = -4*u - 18, -2*m - 4*u - 14 = 0. Let p be 1 - (-8 + 3 + m). Suppose -p*q + 10 = 30. Calculate g(q).
-10
Let y(o) = o + 2. Let i = 13 + 27. Let w be (-8)/i + 388/(-10). Let g = w - -37. Give y(g).
0
Let s(u) = -u**3 + 16*u**2 + 13*u - 31. Let c be s(15). Let v(j) = 37*j - 389 + c. Determine v(-1).
-37
Let a be 1944/2430*(-10)/(-4). Let q(b) = -5*b**2 + 11*b - 1. What is q(a)?
1
Let j(c) = 8*c**3 + 23*c + 6*c - 8 + 4*c**3 - 7*c + 11*c**2. Let z(q) = -4*q**3 - 4*q**2 - 8*q + 3. Let n(o) = 4*j(o) + 11*z(o). Calculate n(1).
5
Let m = -5752 - -5763. Let u(j) = -34*j + 378. What is u(m)?
4
Let c(h) = -h**2 - 39*h - 226. Suppose 0 = 3*o + u + 90, -5*u = 158 - 188. Give c(o).
-2
Let n(t) = t**3 + 5*t**2. Let x(c) = -c**3 + 2*c**2 - 2*c. Let w be x(1). Let z be (1 - w)*(-95)/38. What is n(z)?
0
Let v be (11/3 + -3)*9. Suppose 8 = -4*j + 5*j. Let z(b) = 5*b**2 + 7*b**3 + 8*b - j*b**3 + 0 - 5 - 4. Give z(v).
3
Suppose 0*l = -8*l - 1472. Let w = l + 187. Let i(p) = -p**3 + 3*p**2 + 4. Determine i(w).
4
Let z(v) = -3*v + 5. Let i(c) = 1. Let m(l) = 3*i(l) - z(l). Let o = -437 - -485. Suppose 35 = o*a - 41*a. Calculate m(a).
13
Let a(z) = 12*z - 1. Let k(c) = -94*c + 10. Let l(r) = 8*a(r) + k(r). Give l(0).
2
Suppose 0 = -18*y + 107470 - 107848. Let p(i) = 4*i + 76. Give p(y).
-8
Let h(q) = 22*q + 19. Let j(f) = -26*f - 19. Let c = 168 + -174. Let r(b) = c*h(b) - 5*j(b). Calculate r(-8).
-3
Suppose -43*f - 338 = -69*f. Let m(g) = -7*g + 17. Calculate m(f).
-74
Let x(a) be the second derivative of a**4/12 + 5*a**3/6 + 13*a**2/2 + 16*a - 36. Determine x(-8).
37
Let q(l) = l**3 + 11*l**2 + 7*l - 5. Let c be q(-10). Suppose -3*g = -0*z - 2*z + 6, -4*g = z - c. Let t(b) = b**2 - 11*b + 12. Determine t(z).
-6
Let p(x) = -9*x + 6. Suppose 0 = -r + 2*f - 6, r + 5 = 3*f - 5. Suppose 0 = 3*d + r*j - 23, d = -2*d + 4*j - 1. What is p(d)?
-39
Let q(v) = v**2 + v - 1. Let w(h) = -6*h + 3. Let r(s) = 3*q(s) + w(s). Suppose -2715 = -0*t + 5*t - 2*j, 0 = 5*t + 3*j + 2740. Let n = t - -547. Give r(n).
6
Let s(i) be the second derivative of -i**4/2 - 2*i. Let f be ((-2)/28)/(180/2520). What is s(f)?
-6
Let f(u) be the second derivative of u**3 + 1/2*u**2 + 0 - 4*u. Give f(1).
7
Let h(y) = -3*y + 4*y + 0 + 1. Suppose -25 = -2*j - x - 2*x, -5*j + 5*x = 0. Let b(v) = -v**2 + 8*v - 13. Let m be b(j). Determine h(m).
3
Let j(a) = -a**3 + 5*a**2 - 5*a - 2. Let y be 1*3*(-172)/(-6). Let u = y + -69. Let g = 21 - u. What is j(g)?
-6
Let n(c) = -c**3 - 3*c**2 + 10*c + 14. Let i be n(-5). Let p be 3 - -1 - (i + -8). Let j(b) = -2*b**2 - b**2 - b + b**2. Determine j(p).
-6
Let p = -88 + 121. Let s(l) = -33 - 5*l + 3*l + 62 - p. Let x = 12 - 9. Give s(x).
-10
Let c(a) be the third derivative of -a**4/8 - 2*a**3/3 - 64*a**2. Let d(p) = -p. Let x(z) = c(z) - 4*d(z). Give x(2).
-2
Let p = 311 + -302. Let l(i) = -10*i + 2*i - 3 + p*i. Determine l(6).
3
Let d(y) be the third derivative of 0 + 1/60*y**5 - 5*y**2 + 1/12*y**4 - 1/3*y**3 + 0*y. Let f be d(-4). Let l(m) = -m + 6. Determine l(f).
0
Let r(v) = -26 - 41 - 143 + 58 + 7*v. Give r(22).
2
Let p(n) = 4*n**2 + 6*n - 5. Let y(b) = -b**2 + b + 2. Let d(i) = p(i) + 3*y(i). Let z be 2/10 - (-36)/(-5). Determine d(z).
-13
Let k(o) = 47 - 14954*o + 29898*o - 14952*o. Give k(5).
7
Let k(x) be the second derivative of x**3/3 - 2*x**2 - 2*x. Let o(h) = 3*h**3 - 49*h**2 + 179*h - 37. Let c be o(11). What is k(c)?
-12
Let w = 85 - 92. Let b(z) = 4*z**2 + 20*z + 6. Let m(t) = -t**2 - 6*t - 2. Let p(v) = w*m(v) - 2*b(v). Determine p(4).
-6
Let k(i) = -10*i**2 + 15*i - 6. Let t(o) = -3*o**2 + 5*o - 2. Let l(y) = -y**3 + 2*y**2 + 48*y - 7. Let c be l(-6). Let f(q) = c*t(q) + 2*k(q). Determine f(5).
2
Let s(a) = -a + 226. Let v(y) = 3*y + 55. Let j(l) = -2*s(l) + 2*v(l). Calculate j(43).
2
Let k(f) = 29*f - 202. Let q(m) = -10*m + 71. Let c(z) = -6*k(z) - 17*q(z). What is c(9)?
-31
Let f(n) be the third derivative of -11*n**4/24 - 5*n**3/6 + 3869*n**2. Determine f(4).
-49
Let g(f) be the second derivative of 3*f**3 - f**2/2 - 29*f - 6. Let s be 27/(-12) - (-1 - (-3)/4). Determine g(s).
-37
Let u(j) = -j**3 + 4*j**2 - 3*j - 2. L